e factors of x(4).
2
Suppose 4*s + 5*c = -81, -9 + 51 = -2*s - 4*c. Suppose -2*y + 62 = 2*n, -4*y - 51 = -n - 0*n. Let t = n + s. What are the prime factors of t?
2
Let h(r) = 4*r + 38. List the prime factors of h(-7).
2, 5
Let i(c) = 3*c - 9. Let v(l) = -l**2 - l. Let r(y) = 5*y**2 + 3*y - 2. Let t(h) = r(h) + 3*v(h). Let a be t(-2). List the prime factors of i(a).
3
Suppose 0 = o + 6 - 23. List the prime factors of o.
17
Let r = 356 - -10. List the prime factors of r.
2, 3, 61
Let p(o) be the third derivative of -o**6/120 + 2*o**5/15 + o**4/12 - 2*o**3 + o**2. Let r be p(8). Suppose r*g - 4 = 12. What are the prime factors of g?
2
Suppose -k = 4*k - 15. Suppose -k*a + 4*a = 33. List the prime factors of a.
3, 11
Let c(r) = 6*r + 21. List the prime factors of c(10).
3
Let x = -3 + 71. Suppose -z + 3*z = x. List the prime factors of z.
2, 17
Suppose -5*h + 548 = 173. Suppose 0 = 3*j + 3*y - 45, 3*j = -j + y + h. List the prime factors of j.
2, 3
Let f(m) = m**2 + 3*m - 3. Let y be f(-7). Let r be (0 + 2)/(2/y). Suppose -r = -2*i + 9. List the prime factors of i.
17
Let x = 47 - 34. Let p = 0 + x. What are the prime factors of p?
13
Let f = 36 + 100. What are the prime factors of f?
2, 17
Suppose 3*a - 920 = -5*a. List the prime factors of a.
5, 23
Suppose -t + 2*i + 2 - 3 = 0, 2*i - 7 = 3*t. Let w = 5 + t. What are the prime factors of w?
2
Suppose -3*u + 5*r + 584 = 0, u - 189 + 1 = -5*r. List the prime factors of u.
193
Suppose 0 = -4*b - u + 147, -3*b + 4*u + 46 = -69. What are the prime factors of b?
37
Let z = 133 - 72. List the prime factors of z.
61
Let w = -82 + 174. Suppose -2*a + 4*h + 180 = 2*a, -2*a + 3*h = -w. What are the prime factors of a?
43
Suppose -2 - 4 = 3*v. Let h be 0*(10/(-4) - v). Suppose 3*s - 2*s - 11 = h. What are the prime factors of s?
11
Suppose -3*b = -h + 56, -4*b + 0*b - 4*h - 96 = 0. Let m = b + 23. List the prime factors of m.
3
Let y(x) = -105*x - 2. List the prime factors of y(-1).
103
What are the prime factors of 2/(-3)*(-11 + -1)?
2
Let s(l) = -l**3 - 6*l**2 - 2*l - 3. Suppose -5*v + 5*x = 5 + 15, -x + 19 = -4*v. Let m be s(v). Let r = m + 27. What are the prime factors of r?
3
Let b = 477 - 314. What are the prime factors of b?
163
Suppose h = 3*h - 4. Suppose 4*r - 38 = -2*z, z - h*z + 31 = -4*r. List the prime factors of z.
23
Let l(r) = -212*r**3 + r**2 + r - 1. List the prime factors of l(-1).
211
Suppose 4*o = 2*y - 22, -4*y + 3*y + 3 = 0. List the prime factors of 1 + 2 - o/2.
5
Let q = 75 + -44. Let h = -25 + q. List the prime factors of h.
2, 3
Let f be 2 - 2 - (4 - 5). What are the prime factors of -3 + f + 33/1?
31
Suppose -16 = -5*u + 3*p, 3 = u - 3*p - 5. List the prime factors of u.
2
Let n(y) be the third derivative of -y**6/120 - y**5/15 + y**4/12 + 2*y**3/3 + y**2. Let l be n(-4). What are the prime factors of 1/l + 205/20?
2, 5
Suppose 64 - 14 = 2*v. List the prime factors of v.
5
Suppose -13*v + 552 = -9*v. What are the prime factors of v?
2, 3, 23
Let a(d) = -d**3 - 5*d**2 - d + 2. Let k(m) = m**3 + 4*m**2 - 5. Let q be k(-4). List the prime factors of a(q).
7
Let b(l) = -l**2 + 7*l + 12. What are the prime factors of b(6)?
2, 3
Let i be 48/21 - (-2)/(-7). Suppose 2*l + 0 = -i, 2*j - 4 = -4*l. Suppose 17 + 3 = j*o. List the prime factors of o.
5
Let d(s) = s**3 + s. Let v(c) = -c**3 + 5*c**2 + 7*c - 6. Let r be v(6). Suppose y = 5*a + 12, r = y - 3*y - a + 2. What are the prime factors of d(y)?
2, 5
Suppose n + 271 = 5*g, 4*g + g - 2*n = 272. List the prime factors of g.
2, 3
Let l = 204 - 88. List the prime factors of l.
2, 29
Let n be 2/1*5/2. Suppose -3*t + n*a + 26 = 0, 18 = 2*t - 5*a + a. List the prime factors of t + 2/6*3.
2
Let s(w) = -w**3 - 7*w**2 + w - 1. Let t be s(-7). Let g(p) = p**3 - 7*p**2 + 5*p + 3. Let z be g(4). Let v = t - z. List the prime factors of v.
17
Let a(r) = -r**3 + 7*r**2 - 5*r + 4. Let u be a(3). What are the prime factors of u/9 - (-4)/18?
3
Let f(z) = z**3 - z**2 - 2*z - 3. Let b(a) = 12 - 4*a + 3*a - 14 - a**2 + a**3. Let m(v) = 3*b(v) - 2*f(v). What are the prime factors of m(3)?
3, 7
List the prime factors of (-204)/(-10) + (-6)/(-10).
3, 7
Suppose 42 + 29 = l + a, -4*l - 5*a = -289. What are the prime factors of l?
2, 3, 11
Suppose -5*a + 3*y = -907, -2*a - 3*a + 879 = 4*y. What are the prime factors of a?
179
Suppose -4*y - 10 = 38. Let c = 21 + y. What are the prime factors of 66/c + 2/(-6)?
7
Suppose 3*j - 5*j - 4 = 4*v, -5*j + 1 = -v. Let z be (-35)/(-20) + v/(-4). Suppose -3*w + 22 + z = 0. What are the prime factors of w?
2
Let f = 384 + 39. What are the prime factors of f?
3, 47
Let u = 28 - 11. List the prime factors of u.
17
Suppose 6*c + 36 = 9*c. What are the prime factors of c?
2, 3
Let x be 6 - 2 - (0 + 2). Suppose -4*k + 110 = x*g + 30, k - 20 = -3*g. What are the prime factors of k?
2, 5
Let r = -92 + 163. What are the prime factors of r?
71
Let o(s) = -5*s - 7. Suppose -z - 24 = -3*h, 4*z - 2*h + 41 = -h. What are the prime factors of o(z)?
2, 19
List the prime factors of 20 + (2 - (2 - -1)).
19
Suppose -4*n + 28 = -0. What are the prime factors of n?
7
Suppose 3*r + 5*t = 139 + 216, 2*r = -2*t + 230. List the prime factors of r.
2, 5, 11
Suppose 4*r - 221 = -v, 0 = 4*r - 2*v - 46 - 172. What are the prime factors of r?
5, 11
Suppose 4*y = -2*c + 310 - 112, 0 = -y + 2*c + 62. What are the prime factors of y?
2, 13
Let y(b) be the first derivative of b**5/20 - b**4/3 + b**3/3 - b**2 + b - 2. Let g(a) be the first derivative of y(a). What are the prime factors of g(4)?
2, 3
Let g = 3 + 1. Suppose -2*p + g*f + 4 = 0, -6 = -2*p - p + 5*f. What are the prime factors of p?
2
List the prime factors of ((-16)/6)/(4/(-150)).
2, 5
Suppose -8*k = -208 - 160. List the prime factors of k.
2, 23
Let f(c) = 3*c**3 + 10*c**2 - 10*c + 3. Let r(p) = p**3 + 5*p**2 - 5*p + 2. Let n(j) = -2*f(j) + 5*r(j). List the prime factors of n(3).
7
Suppose 4*i - 18 - 58 = 0. What are the prime factors of i?
19
Let h(l) be the first derivative of -l**4/4 + l**2 - 5*l - 3. Let d be h(-4). Suppose -d = -4*t + t. List the prime factors of t.
17
Let s = -1 + 7. Let p be (1 + 0)/(s/(-30)). Let l(c) = c**2 + 3*c - 3. List the prime factors of l(p).
7
Let a(h) = -h**2 - h. Suppose 3*t - 1 + 7 = 0. Let g be a(t). List the prime factors of 9/g*16/(-6).
2, 3
Let h(q) = 2*q**2 + 2*q + 1. List the prime factors of h(-5).
41
Let c = -18 - -23. Suppose c*i - 129 = 2*i. What are the prime factors of i?
43
Suppose 5*v - 25 = 0, 0 = 5*t - 2*v - 25 - 50. List the prime factors of t.
17
Let g = 27 - -13. List the prime factors of g.
2, 5
Let r = 1118 + -709. What are the prime factors of r?
409
Suppose -5*v - 3*m - 13 = -4*m, 0 = -v + 5*m - 17. Let r(g) = 4*g**2 - 6*g**2 - 1 + 4*g**2 - 2*g**3 - 3*g**2. List the prime factors of r(v).
11
Let u(b) = 8*b - 5 - 6*b**3 + 8*b**3 - b**3 - 8*b**2. List the prime factors of u(7).
2
Suppose 5*z - h - 666 = 0, 3*z - h = -4*h + 396. What are the prime factors of z?
7, 19
Let t = -41 - -21. Let w be (-1)/3 + t/(-6). Let f = w - 0. What are the prime factors of f?
3
Let j(w) = -w**2 + 7*w - 1. Let l be j(6). Suppose -k + 5 + l = 0. List the prime factors of k.
2, 5
Suppose 3*z = -z - 5*o + 92, -4*o = -16. Let g be ((-2)/(-4))/(3/z). Suppose -3 - 3 = -g*u. What are the prime factors of u?
2
Let y = 93 - 5. List the prime factors of y.
2, 11
Suppose 2*m = -7*m + 1557. List the prime factors of m.
173
Let x(n) be the second derivative of n**7/2520 - n**6/90 - n**5/120 - n**4/6 - 2*n. Let u(c) be the third derivative of x(c). List the prime factors of u(9).
2
Suppose 0 = -5*r + 3*q + 11, -3*q + 15 = 2*q. Suppose r*h = 32 - 4. What are the prime factors of h?
7
Let n = 62 - -33. What are the prime factors of n?
5, 19
Let k be 1/(2/4 - 0). Let z be (-185)/(-65) + 4/26. Suppose k*n = -z*n + 65. What are the prime factors of n?
13
Suppose -9 = 3*x, -2*y + 8 = -7*y + 4*x. Let f(n) = -n**3 - 5*n**2 - 5*n - 2. Let z be f(-4). What are the prime factors of z/y + (-23)/(-2)?
11
Suppose 2 = -3*x - 2*c, 0*x - 4*x - 3 = 3*c. Suppose 2*h + r = 7 - x, 5*h - r = 7. Suppose -h*q + 12 = -2. List the prime factors of q.
7
Suppose -3*k + 6 = 2*q - 37, 2*k - 50 = 4*q. Let s = k - 26. Let r = 12 + s. What are the prime factors of r?
3
Let c = 22 - -84. List the p